s digit of 3967?
9
What is the units digit of 1648?
8
What is the hundreds digit of 65383?
3
What is the thousands digit of 15539?
5
What is the tens digit of 1302?
0
What is the units digit of 113605?
5
What is the thousands digit of 2815?
2
What is the units digit of 2684?
4
What is the hundreds digit of 77218?
2
What is the ten thousands digit of 111589?
1
What is the units digit of 48870?
0
What is the units digit of 829?
9
What is the tens digit of 11708?
0
What is the units digit of 196?
6
What is the thousands digit of 11229?
1
What is the hundreds digit of 11484?
4
What is the thousands digit of 5931?
5
What is the ten thousands digit of 47692?
4
What is the ten thousands digit of 82531?
8
What is the hundreds digit of 8935?
9
What is the hundreds digit of 1253?
2
What is the units digit of 10065?
5
What is the tens digit of 15344?
4
What is the units digit of 993?
3
What is the units digit of 11318?
8
What is the hundreds digit of 2127?
1
What is the hundreds digit of 31560?
5
What is the thousands digit of 3502?
3
What is the units digit of 12266?
6
What is the tens digit of 596?
9
What is the units digit of 521?
1
What is the hundreds digit of 443?
4
What is the hundreds digit of 7393?
3
What is the hundreds digit of 232?
2
What is the units digit of 2871?
1
What is the tens digit of 1203?
0
What is the thousands digit of 7135?
7
What is the tens digit of 1349?
4
What is the thousands digit of 2874?
2
What is the hundreds digit of 188?
1
What is the units digit of 3203?
3
What is the ten thousands digit of 50070?
5
What is the hundreds digit of 16909?
9
What is the tens digit of 2336?
3
What is the ten thousands digit of 68030?
6
What is the ten thousands digit of 19465?
1
What is the units digit of 633?
3
What is the ten thousands digit of 12598?
1
What is the tens digit of 155?
5
What is the tens digit of 3768?
6
What is the tens digit of 4495?
9
What is the ten thousands digit of 62624?
6
What is the units digit of 822?
2
What is the tens digit of 50299?
9
What is the tens digit of 13724?
2
What is the units digit of 765?
5
What is the hundreds digit of 3776?
7
What is the hundreds digit of 2096?
0
What is the thousands digit of 4083?
4
What is the hundreds digit of 3676?
6
What is the units digit of 6267?
7
What is the ten thousands digit of 151745?
5
What is the tens digit of 5431?
3
What is the hundreds digit of 2266?
2
What is the thousands digit of 1076?
1
What is the thousands digit of 36780?
6
What is the thousands digit of 3588?
3
What is the units digit of 984?
4
What is the hundreds digit of 19018?
0
What is the hundreds digit of 839?
8
What is the tens digit of 2151?
5
What is the hundreds digit of 577?
5
What is the thousands digit of 4528?
4
What is the units digit of 2103?
3
What is the hundreds digit of 531?
5
What is the hundreds digit of 1787?
7
What is the tens digit of 566?
6
What is the hundreds digit of 2420?
4
What is the hundreds digit of 7323?
3
What is the hundreds digit of 833?
8
What is the ten thousands digit of 73814?
7
What is the hundreds digit of 8971?
9
What is the hundreds digit of 7336?
3
What is the units digit of 518?
8
What is the tens digit of 747?
4
What is the ten thousands digit of 18712?
1
What is the ten thousands digit of 86892?
8
What is the tens digit of 671?
7
What is the thousands digit of 1702?
1
What is the tens digit of 111051?
5
What is the hundreds digit of 7892?
8
What is the thousands digit of 5790?
5
What is the units digit of 3995?
5
What is the hundreds digit of 4143?
1
What is the hundreds digit of 8201?
2
What is the hundreds digit of 97009?
0
What is the tens digit of 21?
2
What is the thousands digit of 71331?
1
What is the thousands digit of 13896?
3
What is the units digit of 546?
6
What is the tens digit of 3769?
6
What is the hundreds digit of 1552?
5
What is the hundreds digit of 2232?
2
What is the units digit of 98284?
4
What is the ten thousands digit of 27613?
2
What is the thousands digit of 3951?
3
What is the hundreds digit of 1959?
9
What is the hundreds digit of 3078?
0
What is the ten thousands digit of 18388?
1
What is the tens digit of 54280?
8
What is the thousands digit of 3974?
3
What is the hundreds digit of 19124?
1
What is the tens digit of 2059?
5
What is the ten thousands digit of 13036?
1
What is the units digit of 359?
9
What is the tens digit of 9388?
8
What is the tens digit of 1751?
5
What is the units digit of 8756?
6
What is the units digit of 15768?
8
What is the tens digit of 752?
5
What is the hundreds digit of 370?
3
What is the thousands digit of 1037?
1
What is the hundreds digit of 9129?
1
What is the units digit of 8450?
0
What is the hundreds digit of 4943?
9
What is the thousands digit of 1491?
1
What is the units digit of 278?
8
What is the tens digit of 9755?
5
What is the tens digit of 3211?
1
What is the ten thousands digit of 19611?
1
What is the thousands digit of 29588?
9
What is the tens digit of 76934?
3
What is the tens digit of 4039?
3
What is the ten thousands digit of 24410?
2
What is the ten thousands digit of 14605?
1
What is the thousands digit of 32577?
2
What is the units digit of 193?
3
What is the units digit of 3059?
9
What is the hundreds digit of 1053?
0
What is the tens digit of 19884?
8
What is the units digit of 3683?
3
What is the thousands digit of 23007?
3
What is the tens digit of 157681?
8
What is the thousands digit of 29486?
9
What is the units digit of 2512?
2
What is the thousands digit of 2582?
2
What is the thousands digit of 62132?
2
What is the units digit of 657?
7
What is the units digit of 24917?
7
What is the tens digit of 103217?
1
What is the tens digit of 33779?
7
What is the hundreds digit of 4759?
7
What is the tens digit of 580?
8
What is the thousands digit of 3067?
3
What is the tens digit of 1670?
7
What is the tens digit of 175317?
1
What is the units digit of 428?
8
What is the tens digit of 26475?
7
What is the thousands digit of 38328?
8
What is the hundreds digit of 3376?
3
What is the units digit of 6?
6
What is the units digit of 1243?
3
What is the hundreds digit of 4986?
9
What is the units digit of 6922?
2
What is the hundreds digit of 1261?
2
What is the ten thousands digit of 27682?
2
What is the thousands digit of 13371?
3
What is the units digit of 1387?
7
What is the hundreds digit of 457?
4
What is the tens digit of 1584?
8
What is the tens digit of 1170?
7
What is the tens digit of 15980?
8
What is the thousands digit of 1227?
1
What is the units digit of 3045?
5
What is the thousands digit of 1018?
1
What is the tens digit of 1989?
8
What is the units digit of 450?
0
What is the units digit of 2053?
3
What is the hundreds digit of 52486?
4
What is the ten thousands digit of 15992?
1
What is the hundreds digit of 1711?
7
What is the units digit of 9655?
5
What is the units digit of 39665?
5
What is the hundreds digit of 9879?
8
What is the thousands digit of 2744?
2
What is the units digit of 2935?
5
What is the hundreds digit of 862?
8
What is the units digit of 81229?
9
What is the units digit of 3456?
6
What is the units digit of 25458?
8
What is the thousands digit of 1053?
1
What is the thousands digit of 77227?
7
What is the hundreds digit of 6176?
1
What is the units digit of 59749?
9
What is the thousands digit of 1956?
1
What is the ten thousands digit of 38738?
3
What is the thousands digit of 10400?
0
What is the thousands digit of 1399?
1
What is the units digit of 2271?
1
What is the units digit of 1528?
8
What is the ten thousands digit of 17811?
1
What is the hundreds digit of 65631?
6
What is the tens digit of 29720?
2
What is the thousands digit of 4986?
4
What is the hundreds digit of 2370?
3
What is the units digit of 1056?
6
What is the tens digit of 5502?
0
What is the units digit of 822?
2
What is the units digit of 115630?
0
What is the units digit of 1736?
6
What is the thousands digit of 6106?
6
What is the ten thousands digit of 91249?
9
What is the tens digit of 250?
5
What is the tens digit of 1617?
1
What is the units digit of 24832?
2
What is the hundred thousands digit of 172213?
1
What is the thousands digit of 19670?
9
What is the ten thousands digit of 16614?
1
What is the units digit of 5196?
6
What is the tens digit of